prime factors of c?
17
List the prime factors of (-4 + 1)/((-9)/60).
2, 5
Suppose 5*g = 17 + 3. Suppose -5*j + 111 = -3*q, -q - 31 = -j + g*q. What are the prime factors of j?
3, 7
Let n(a) = 7*a**2 - a - 12. List the prime factors of n(-3).
2, 3
Suppose 3*c + l - 226 = 0, c - 5*l - 350 = -4*c. Suppose -3*y + c = -5*x, 1 = -x + 3. List the prime factors of y.
2, 7
Suppose 24 = -0*s + 3*s. List the prime factors of 3/12 + 150/s.
19
Suppose 8*g - 2*y - 17 = 3*g, 3 = 2*g + 3*y. Suppose 0 = v - 3*u - 10, -g*v + 4*u - 4 = -24. What are the prime factors of v?
2
Let b = 5 + -4. Suppose -5 = -3*f + z, -11 = -4*f - 4*z + b. Suppose f*m = -8, 11 = p - 0*m - m. What are the prime factors of p?
7
Let g = 198 + -100. Suppose 4*t - 2*z - 14 = g, 2*z = -2*t + 68. List the prime factors of t.
2, 3, 5
Suppose 3*z - 3*h - 53 + 5 = 0, 5*h - 25 = 0. List the prime factors of z.
3, 7
List the prime factors of 1 - (1 + -4 + -50).
2, 3
Let z(q) = 5*q. Let h be z(2). Suppose 5*i - 2*g + 6 = 0, -5*i = -i - 5*g + 15. Let m = h + i. List the prime factors of m.
2, 5
Let j = -8 - -12. Suppose 4 = j*a - 16. List the prime factors of a.
5
What are the prime factors of 5/(((-2)/4)/(-1))?
2, 5
Let t be (-1)/(-4) - (-76)/16. Suppose -65 + t = -3*v. List the prime factors of v.
2, 5
Let h(w) = -w**3 - w**2 + 6. Let m be (2 - 0) + 2/(-1). Let r = m - 0. List the prime factors of h(r).
2, 3
Let s = 60 + -17. Let y = 74 - s. List the prime factors of y.
31
Let t be (1/(-3))/(3/(-72)). Suppose -5*r + 89 = 4*i, 5*i - 3*i + 4*r = 52. Let g = i - t. What are the prime factors of g?
2
Let d = 6 - 9. Suppose 3*s = -s + 4*l + 48, 4*s = -2*l + 18. Let x = s - d. List the prime factors of x.
2, 5
Let m(d) = -1 - 3 + 6 + 7*d. What are the prime factors of m(2)?
2
What are the prime factors of 0 - 2*(3 - 27)?
2, 3
What are the prime factors of (7 + 0)/((-6)/66*-1)?
7, 11
Let v(j) = -j**2 + 3*j + 3. Let u be v(3). Suppose 51 = u*n - 18. What are the prime factors of n?
23
Let o = -4 + 6. Suppose o*u - 16 = -2*u. Suppose 4*t - u*j - 48 = 0, 5*t + 2*j = -14 + 88. What are the prime factors of t?
2, 7
List the prime factors of 123/12 - (-1)/(-4).
2, 5
Suppose 4*p - 134 = 2. List the prime factors of p.
2, 17
Let m be (-16)/12*6/(-4). Suppose -5*y - 2*i + 29 = 0, -m*y + 4 = -2*i - 2. What are the prime factors of y?
5
Let s be 2/8 + (-1)/4. Suppose s = -0*u - 3*u + 6. Suppose -3*t + 5 + 26 = -u*z, -t + 3 = 3*z. List the prime factors of t.
3
Suppose -5*j - 5*g = -2*j + 16, 5*j + 5*g = -10. Suppose 28 = j*b + 4. What are the prime factors of (9/(-6))/((-6)/b)?
2
Let t be -3*(2 - 1)*-4. Suppose 6*h - t = 2*h. What are the prime factors of h?
3
What are the prime factors of (371/28)/(2/16)?
2, 53
Let k(l) = -l**3 - l**2 + 5*l + 2. Let c be k(-3). Suppose -c*s - 5*d = -65, -3*d + d = -6. What are the prime factors of s?
2, 5
Let c(z) = 2*z**2 - 6*z - 5. What are the prime factors of c(9)?
103
Suppose -2*w + x = -311, 2*x = 3*w + 6*x - 494. List the prime factors of w.
2, 79
Suppose 0 = 6*b - 2*b - 8. Let t = 13 - b. What are the prime factors of (t + -7)/((-1)/(-6))?
2, 3
Suppose 4 = -4*g, -5*q + 8*g = 3*g - 20. What are the prime factors of -2 + 10 + q/(-3)?
7
Suppose 0 = 5*i - 4*t + 14 - 438, 0 = 4*i - 2*t - 338. Suppose i = -0*b + 2*b. What are the prime factors of b?
2, 3, 7
Let p(d) = -3*d. Suppose -4*z + 5*u - u - 12 = 0, -5*z - u = 21. What are the prime factors of p(z)?
2, 3
Let a = 16 + -21. List the prime factors of (1*86)/(7 + a).
43
What are the prime factors of (4/(-6))/((-23)/3657)?
2, 53
Let j = -64 - -98. List the prime factors of j.
2, 17
Let c = -49 - -71. What are the prime factors of 1281/33 + 4/c?
3, 13
Let t = -8 - -22. What are the prime factors of t?
2, 7
Suppose -2*p + 34 = -2*q, 2*q = 10 - 4. List the prime factors of p.
2, 5
Let h(a) = -a**2 + 6*a + 5. Let m be h(7). Let o be 11 - -2 - (-4 - m). Suppose 3*c - o = 18. List the prime factors of c.
11
Let v be 11/3 + (-5)/(-15). Suppose 0 = -v*g + 6*g - 22. List the prime factors of g.
11
Suppose u = -5*y + 3*u, 4*u = 2*y - 16. Let o(p) = -2*p - 3*p - 2 + 2*p. List the prime factors of o(y).
2
Suppose -4*h + 6 = -2*h. Suppose 2*j - 28 = j - h*f, f + 64 = 3*j. List the prime factors of j.
2, 11
Suppose -4*a = -0*a - 4*g - 48, -a + 2*g = -9. What are the prime factors of 4/(-10) + 246/a?
2
Let r = 9 - -4. What are the prime factors of r?
13
Suppose -7*p + 27 = -1. List the prime factors of p.
2
Let n(f) = f + 2. Let c be n(-6). Let z = c + 12. What are the prime factors of z?
2
Suppose -2 = -3*l - y + 3*y, -5*l - 5*y = -20. Suppose 7*a - 134 = l*a + 2*c, -a - 2*c + 34 = 0. Suppose 2*q + 2*q = a. List the prime factors of q.
7
Let c(n) = n**3 - 7*n**2 + n - 4. Let m be c(7). What are the prime factors of (-3)/9 - (-19)/m?
2, 3
Suppose -2*f + 4*q = 12, 0 = -5*f + 4*q - 2 - 4. Suppose f*r - 6*p - 74 = -p, 12 = -3*p. List the prime factors of -1 - (-1 + r/(-3)).
3
Suppose 11 = -4*d - 13. Suppose -3 = -r + 3. What are the prime factors of ((-10)/d)/(1/r)?
2, 5
Let a(v) = 0*v + v**2 + 11 - 14*v + 6*v. What are the prime factors of a(8)?
11
Suppose -h - 2*h = k - 53, -2*k - 6 = -h. What are the prime factors of h?
2
Let f be (-3 + -3)/(1/5). List the prime factors of (-6)/f - (-168)/10.
17
What are the prime factors of (54/36)/(2/24)?
2, 3
What are the prime factors of -5*((-28)/20 - 2)?
17
Let l = 1 - -58. Let v = 98 - l. Suppose -2*u = u - v. List the prime factors of u.
13
Suppose 0 = 6*h - 4*h - 68. Let m = -22 + h. List the prime factors of m.
2, 3
Let j be ((-9)/6)/(1/(-2)). Suppose 0 = j*v + v + 4. What are the prime factors of (2*v)/((-8)/36)?
3
Let c be (-22)/(-8) + 1/4. Suppose 4*y - 136 = -4*r, 5*y + 7 = -3. Suppose 3*g + g + 2 = -v, r = c*v - 2*g. What are the prime factors of v?
2, 5
Suppose -3*g = -2*n + n - 37, -4*g - 4*n = -60. List the prime factors of g.
13
Let p(b) = -6*b + 9. Let u(k) = k. Let l(a) = -p(a) - 3*u(a). What are the prime factors of l(4)?
3
What are the prime factors of 6*((-525)/10 - -2)*-1?
3, 101
Let r(y) = 11*y + 1 + 4*y**2 + 0*y**2 + y**3 - 13*y - 4. What are the prime factors of r(-3)?
2, 3
Suppose -205 = -i - 2*p, -809 = i - 5*i + 3*p. List the prime factors of i.
7, 29
Let y(d) = d**2 + 6*d + 2. Let a be y(-5). Let p(s) = s**2 - s + 2. What are the prime factors of p(a)?
2, 7
Let k(c) = c**2 + 12*c - 77. What are the prime factors of k(17)?
2, 13
Let y = 150 - 69. What are the prime factors of y?
3
Let j(h) = h**3 - 4*h**2 - 4*h + 5. What are the prime factors of j(5)?
2, 5
Let r(j) = j**3 + 6*j**2 - 11*j + 16. What are the prime factors of r(-7)?
2, 11
Suppose 4*y + 1077 = 7*y - 3*g, g = 1. List the prime factors of y.
2, 3, 5
Let i be 3 - -1*(0 - 1). Let z be -572 + (-2 - (-8)/i). What are the prime factors of z/(-25) - 1/(-5)?
23
Suppose 3*m - 2 = 10. Let r = m + 18. List the prime factors of r.
2, 11
Suppose d + 0 + 2 = s, -6 = 4*d - 3*s. Suppose 0 = -4*f - 2*g + 24, d*g + 36 = 4*f - g. What are the prime factors of f?
2
Suppose 0 = p - 10 - 14. List the prime factors of p.
2, 3
Suppose -7*o + 2*l - 20 = -12*o, 10 = 5*o + 4*l. List the prime factors of o.
2, 3
Let v = 1 - 1. Suppose b + 5 = v, 3*t - 12 = -4*b + 4. What are the prime factors of t?
2, 3
Suppose -f - 3*y + 43 = -0*y, f = y + 39. What are the prime factors of f?
2, 5
Let i = 98 + -23. What are the prime factors of i?
3, 5
List the prime factors of (6/9)/((-6)/(-288)).
2
Let g = 5 + 1. List the prime factors of g/(((-2)/2)/(-2)).
2, 3
Let z = 93 - 57. What are the prime factors of z?
2, 3
Let f(b) = -b**2 - 5*b + 2. Let l be f(-5). Suppose l*z + 2*p - 30 = 12, -z - 5*p = -33. List the prime factors of z.
2, 3
Suppose -5*o + 22 + 8 = 0. Let k = 3 - o. List the prime factors of -1 + (-3)/k*5.
2
What are the prime factors of 107/(2 - 7/4)?
2, 107
Suppose -4*t + 51 = -t. Suppose 5*x - t - 3 = 0. List the prime factors of (6/x)/(5/10).
3
Suppose -x + 6 = -55. What are the prime factors of x?
61
Suppose -2*n = -0*n - 6. Let z(h) = 15*h + 4. List the prime factors of z(n).
7
Let s(q) = 10*q + 3. List the prime factors of s(7).
73
Suppose -3*r + 3 - 10 = 4*g, 2*g = 5*r + 29. Suppose b - g*v + 0 - 7 = 0, -20 = 4*v. List the prime factors of 11*(-1 - b - 1).
11
Suppose -2*t - t = -72. Let v = t + -3. List the prime factors of v.
3, 